at is the units digit of -30*((7 - 8) + (-2)/(-4))?
5
Let w = -213 + 432. What is the hundreds digit of w?
2
Suppose 4*p + 2*i = 78, -102 = -8*p + 3*p - i. What is the units digit of p?
1
Suppose 20 = 8*y - 300. Let j = -1 - 22. Let m = y + j. What is the tens digit of m?
1
Suppose 5*u - 8*r = -3*r + 600, 5*u - 4*r = 603. What is the hundreds digit of u?
1
Let h be (1 + 1 - -1) + 1. What is the units digit of h/6 + 160/12?
4
Suppose -4*r = 2*b - 346, 3*r - 176 = -b - 2*r. What is the hundreds digit of b?
1
Let j = 10 - 7. Suppose 4*z - 6*q = -q + 139, j*z - 4*q - 104 = 0. What is the units digit of z?
6
Suppose -4*o - 4*p + 12 = 0, 0 = 3*o - 7*o + 2*p. Suppose 3 = 4*c - o. What is the units digit of 7 + (c - -1) + -2?
7
Let r(f) = -f**3 - 3*f**2 + 3*f - 3. Let g be r(-4). Let n(u) = 10*u - 1. What is the units digit of n(g)?
9
Let s = 3 + 3. Suppose -5*k = -x + 37, -4*k + 58 = 4*x - s*k. Let f = x + -4. What is the units digit of f?
8
Let y = 35 + -50. Let n be (-35)/y + 2/3. What is the units digit of n*(3 - 22/(-6))?
0
Suppose 17 = -13*t + 628. What is the tens digit of t?
4
Let w be -4 - (-1 - 0) - 0. Let y = w - -7. What is the units digit of y?
4
Let b be -1*3*(-4 - -3). Let l(c) = -3 - 2*c**3 + 11 + 3*c**b - 8*c + 7*c**2 + 0*c**3. What is the units digit of l(-8)?
8
Suppose -4*g + 10 = g + 5*b, -2*g + 4*b + 10 = 0. Suppose -16 = -a - g*a. Suppose -a*j + 4*t = -7*j + 62, -5*j + 5*t = -80. What is the tens digit of j?
1
Let u(o) = -2*o - 9. Let j be u(-6). Suppose -j*i - 5 = 4*a - 52, -a - i + 11 = 0. Suppose -4*r = -0*w + 2*w - a, 2*r - 10 = -4*w. What is the units digit of w?
1
Suppose 47 = h - 4*b + 8, -h + 35 = -3*b. What is the units digit of h?
3
Let c be (1 - 2)/(1/4). Let l = c - -5. What is the units digit of 2 + 0 + (l - 1)?
2
Let a = 773 - 443. Suppose 7*x - a = 6. What is the units digit of x?
8
Let h = 54 - 8. What is the units digit of h?
6
Let k(s) = 12*s - 13. What is the hundreds digit of k(10)?
1
Suppose -3*o - 4 = -r - 3*r, -o - 3*r = -16. Suppose 48 = 2*i - 4*c, -2*c = o*i - 5*c - 101. What is the units digit of i?
6
Suppose -24 - 42 = -g. What is the tens digit of g?
6
What is the units digit of (-32)/(-24) + (-2)/6?
1
Suppose -3*g + 3*i = -987, 3*g - 2*i - 333 = 2*g. What is the units digit of g?
5
Let j be (-6)/15 - (-17)/5. Suppose -r + 31 = -j. What is the tens digit of r?
3
Let j = 8 - -7. What is the units digit of j?
5
Let z = -1 - -3. Suppose -z*j + 7 = -3. What is the units digit of j?
5
Suppose 0 = 10*f - 6*f - 344. What is the tens digit of f?
8
Let v(d) = 2*d**3 - 3*d**2 + 2*d - 1. Let j be v(2). Let h = j + -7. Suppose 4*w - 3*w - 20 = h. What is the tens digit of w?
2
Let r = 2 - -3. Suppose -o - 7 = -0*t + 4*t, 5 = -r*o - 5*t. Let c = 1 + o. What is the units digit of c?
2
Let i(w) = -w**3 - 6*w**2 - 3*w - 2. Let q be i(-5). What is the tens digit of (-97)/(-5) - q/(-30)?
1
Let v = 85 - 56. What is the units digit of v?
9
Let x(i) = -i**2 - 7*i - 7. Let j be x(-5). Suppose j*d - m - 46 = 0, d + 82 = 6*d + m. What is the units digit of d?
6
Let z(i) = -i**3 - 7*i**2 - 12*i - 21. What is the units digit of z(-6)?
5
Suppose -4*x - 22 + 162 = 0. What is the units digit of x?
5
Let j(a) = -a**2 - 9*a - 6. What is the units digit of j(-8)?
2
Let p = 8 + -7. What is the units digit of p?
1
Suppose 2*k = 2*b - 7 - 1, 2*k - 13 = -b. Let z = 29 - b. What is the tens digit of z?
2
Suppose 9*x = x + 1728. What is the tens digit of x?
1
Let g(x) be the second derivative of 5*x**3/6 - 4*x. Let a be g(1). Suppose a*p + 4*f = 12, 3*p - 5 = -5*f - 3. What is the units digit of p?
4
Suppose 2*j - 2 = 0, 2*k - 3*j - 86 = -31. What is the tens digit of k?
2
Let h(q) = -q**3 + 7*q**2 - 6*q + 6. Let g be (-328)/(-16) + (-2)/(-4). Let d = -15 + g. What is the units digit of h(d)?
6
Let i(x) = x - 15. Let t be i(8). What is the tens digit of (-126)/(-49)*(0 - t)?
1
Suppose 2*o - 12 - 16 = 0. What is the units digit of o?
4
Suppose 2 = -j + 2*l - 5, -5*j = -l - 1. Suppose s + 4*w = -j - 12, -2*w = 3*s - 1. What is the units digit of s?
3
Let d = 66 - -29. What is the tens digit of d?
9
Let s = -43 + 15. Let c = s + 63. Let b = c + -18. What is the tens digit of b?
1
What is the units digit of (8 - 7)/(3/318)?
6
Suppose 3*h = h + 3*u - 18, -2*h + 5*u - 26 = 0. Let i = h + 7. Let z = i - 3. What is the units digit of z?
1
Let d(l) = l**3 + 4*l**2 - 2*l. What is the hundreds digit of d(4)?
1
Suppose 0 = c + 4*i + 3, 6*c - 8 = c + 3*i. Suppose -1 = -r + c. Suppose -r*k + 5*l = -19 - 4, l = 5*k - 23. What is the units digit of k?
4
Let d(t) = -3*t + 3. Let o be d(-4). Suppose o = -2*n + 41. What is the units digit of n?
3
Let f(r) = r**2 + 4*r + 6. Let i be f(-6). Suppose -2*p + 8 = -4*j, -2 = 4*p - 3*j - i. What is the units digit of p?
4
Let v(r) = r**3 - r**2 - 3*r. What is the tens digit of v(4)?
3
Let u(m) = m**2 + m + 7. Let i = -1 - -1. What is the units digit of u(i)?
7
Let u(z) = -z**2 - 8*z + 3. Suppose 6*h + 25 = h. What is the units digit of u(h)?
8
Let c be 9/18 - (-6)/4. Let k = 6 - c. What is the tens digit of 10*6*1/k?
1
Let a = -2 - -4. Suppose -p + 2*t - 3*t = -6, 4 = a*t. Suppose 0 = -6*h + 2*h + 2*w + 36, 32 = p*h - 4*w. What is the units digit of h?
0
Suppose 10 + 5 = -5*f, -4*g - 5*f + 57 = 0. What is the units digit of g/24 - 2/(-8)?
1
Suppose 0 = z + 2*z - 6, -3*m + 2 = z. Suppose x - d + 73 = 6*x, -5*x + 2*d + 64 = m. What is the units digit of x?
4
Let g be 12/9 + (-1)/3. Suppose -g = -c + 3. What is the units digit of c?
4
Suppose -4 = 2*p - 34. Suppose -4*r - p = 21. What is the units digit of 35/3 + 6/r?
1
Let x(r) = r**3 - 3*r + 5 - 4*r**2 - 7*r**2 + 15*r**2. What is the units digit of x(-4)?
7
Suppose -4*f + 54 = -34. What is the units digit of f?
2
Let i(m) = 4*m - 8. Let g(z) = -2*z - 7. Let x be g(-7). What is the tens digit of i(x)?
2
Let x = 15 + -23. Let j be (6/(-4))/((-6)/(-12)). What is the units digit of (x/3)/(2/j)?
4
Let y be (-1)/(((-4)/4)/47). Let c = y + -16. What is the tens digit of c?
3
Suppose g = -0*g, 315 = 3*f - 2*g. What is the tens digit of f?
0
Let j(u) = -63*u + 2. What is the tens digit of j(-1)?
6
Suppose -5*l + 17 = 7. Suppose -l*m = 2*m - 40. What is the units digit of m?
0
Let x = 2 - 5. Let z(i) = -2*i + 2. What is the units digit of z(x)?
8
Let a(n) = n**3 - 3*n**2 - 3*n + 6. Let b be a(4). Suppose -b = -2*o, 4*o + 15 = -0*c + 5*c. Let t = -3 + c. What is the units digit of t?
4
Let l = -115 + 248. What is the hundreds digit of l?
1
Let l = -10 - -8. Let w be 156/(-9) - l/6. Let k = w + 29. What is the tens digit of k?
1
Suppose -2*m - 2*m = 36. What is the units digit of 38/209 + m/(-11)?
1
Let y = -7 + 9. Suppose 1 = a - y. What is the units digit of a?
3
What is the hundreds digit of 26/((-19)/5 - -4)?
1
Suppose -10*n - 8 = -11*n. Suppose 6*j - n*j = -66. What is the tens digit of j?
3
Let o = 8 + -3. Let l = 9 - o. Suppose -73 = -5*v - l*k, 2*v - 3*k - 77 = -2*v. What is the units digit of v?
7
Let g(y) = y**3 + 8*y**2 + 2*y + 9. What is the units digit of g(-7)?
4
Suppose -3*r = h - 121, 11 + 151 = 4*r + 2*h. What is the tens digit of r?
4
Let q(j) = -3*j**3 - 8*j**2 - 4*j + 11. What is the hundreds digit of q(-6)?
3
Let v be 6/((-3)/((-9)/6)). Suppose -11 = -2*o - v. What is the units digit of o?
4
Suppose n - 3*k = -n + 19, -5*n = -2*k - 31. Suppose 2*z + 9 = n*z. What is the units digit of z?
3
Let s = 117 + -66. Suppose -41 - s = -4*x. Let o = x + -7. What is the units digit of o?
6
Let q = 111 - -192. What is the tens digit of q?
0
Let k = 1 - -8. Let x be (-3)/k - (-20)/6. Suppose 5*c = -5*y + 30, 4*c + x*y = -0*y + 20. What is the units digit of c?
2
Suppose 0 = 2*j + 2*j + 68. Let k = j - -10. What is the units digit of 24/5 - k/35?
5
Let h(x) = -x + 3. Let v(n) be the first derivative of -3*n**2 + 21*n - 2. Let a(c) = -15*h(c) + 2*v(c). What is the units digit of a(3)?
6
Let i be 48/22 + (-8)/44. What is the units digit of (-1)/i - 37/(-2)?
8
Suppose -3*o - o = 36. Let q be (-3)/((-2 - -5)/o). Suppose -2*n + q = -7. What is the units digit of n?
8
Suppose -2*o + 5 = -w, -o - 10 = -3*w - 5. Suppose j - x = 17, -j + o*x - 58 = -6*j. What is the tens digit of j?
1
Let s(t) = t**2 + 6*t + 2. Let j be s(-6). Suppose -8 = 4*c - j*d - 24, -2*c - 2*d = -8. Wha